

{"id":2,"date":"2022-03-10T16:12:35","date_gmt":"2022-03-10T15:12:35","guid":{"rendered":"http:\/\/webcam-aschaffenburg.peter-cs.de\/?page_id=2"},"modified":"2024-01-18T07:04:58","modified_gmt":"2024-01-18T06:04:58","slug":"beispiel-seite","status":"publish","type":"page","link":"https:\/\/webcam-aschaffenburg.de\/","title":{"rendered":"Home"},"content":{"rendered":"\t\t<div data-elementor-type=\"wp-page\" data-elementor-id=\"2\" class=\"elementor elementor-2\" data-elementor-post-type=\"page\">\n\t\t\t\t\t\t\t\t\t<section class=\"elementor-section elementor-top-section elementor-element elementor-element-9c83b23 elementor-section-full_width elementor-section-content-middle elementor-section-height-default elementor-section-height-default\" data-id=\"9c83b23\" data-element_type=\"section\">\n\t\t\t\t\t\t<div class=\"elementor-container elementor-column-gap-no\">\n\t\t\t\t\t<div class=\"elementor-column elementor-col-100 elementor-top-column elementor-element elementor-element-8c7bf09\" data-id=\"8c7bf09\" data-element_type=\"column\">\n\t\t\t<div class=\"elementor-widget-wrap elementor-element-populated\">\n\t\t\t\t\t\t\t\t<div class=\"elementor-element elementor-element-c48422b elementor-widget elementor-widget-shortcode\" data-id=\"c48422b\" data-element_type=\"widget\" data-widget_type=\"shortcode.default\">\n\t\t\t\t<div class=\"elementor-widget-container\">\n\t\t\t\t\t<div class=\"elementor-shortcode\"><div id=\"webcam\"><\/div><div id=\"map-canvas\"><\/div><div id=\"cameraNum\"><\/div><div class=\"sc-clear\"><\/div><div class=\"ce_text block\"><\/div><div class=\"picker picker--time\" id=\"camerapicker\">\n  <div class=\"picker__holder\" tabindex=\"-1\" style=\"\">\n    <div class=\"picker__frame kamera\">\n      <div class=\"picker__wrap\">\n        <div class=\"picker__box\">\n          <ul class=\"picker__list\" role=\"listbox\">\n            <li class=\"picker__list-item fixed picker__list-item--highlighted picker__list-item--viewset\" data-pick=\"0\" role=\"option\"><i class=\"fas fa-circle\"><\/i>\n\n1 - Blickrichtung S\u00fcdwest Sch\u00f6ntal<\/li>\n<li class=\"picker__list-item fixed\" data-pick=\"1\" role=\"option\"><i class=\"fas fa-circle\"><\/i>\n\n2 - Blick \u00fcber Aschaffenburg<\/li>\n            <li class=\"picker__list-item fixed\" data-pick=\"2\" role=\"option\"><i class=\"fas fa-circle\"><\/i>\n\n3 - Blickrichtung Stiftskirche<\/li>\n            <li class=\"picker__list-item fixed\" data-pick=\"3\" role=\"option\"><i class=\"fas fa-circle\"><\/i>\n\n4 - Blickrichtung Willigis-Br\u00fccke<\/li>\n            <li class=\"picker__list-item fixed\" data-pick=\"4\" role=\"option\"><i class=\"fas fa-circle\"><\/i>\n\n5 - Blickrichtung Schloss Johannisburg<\/li>\n            <li class=\"picker__list-item fixed\" data-pick=\"5\" role=\"option\"><i class=\"fas fa-circle\"><\/i>\n\n6 - Blickrichtung Stadthalle<\/li>\n            <li class=\"picker__list-item fixed\" data-pick=\"6\" role=\"option\"><i class=\"fas fa-circle\"><\/i>\n\n7 - 180\u00b0 Panoramablick<\/li>\n            <li role=\"presentation\">\n              <button class=\"picker__button--close\" type=\"button\" data-clear=\"1\" aria-controls=\"P976839751\">Schlie\u00dfen<\/button>\n            <\/li>\n          <\/ul>\n        <\/div>\n      <\/div>\n    <\/div>\n  <\/div>\n<\/div>\n<div id=\"main\">\n<nav class=\"mod_navigation block\">\n\n  \n  <a href=\"Webcam-Aschaffenburg-Schloss-Johannisburg-Pompejanum-Main-Mainufer-Willigisbruecke-Volksfestplatz#skipNavigation4\" class=\"invisible\">Navigation \u00fcberspringen<\/a>\n\n  \n<ul class=\"level_1\" role=\"menubar\">\n        <li class=\"active first\"><a href=\"Webcam-Blickrichtung-S\u00fcdwest-Sch\u00f6ntal-Fu\u00dfg\u00e4ngerzone-Rathaus-Stiftskirche\" title=\"Webcam mit Blickrichtung: S\u00fcdwest - Sch\u00f6ntal, Fu\u00dfg\u00e4ngerzone, Rathaus, Stiftskirche\" class=\"first\" role=\"menuitem\">CAM 1<\/a><\/li>\n        <li class=\"sibling\"><a href=\"Webcam-Aschaffenburg-Schloss-Johannisburg-Pompejanum-Main-Mainufer-Willigisbruecke-Volksfestplatz\" title=\"Webcam mit Blick \u00fcber Aschaffenburg, auf Schloss Johannisburg, Pompejanum, Main, Willigis-Br\u00fccke\" role=\"menuitem\">CAM 2<\/a><\/li>\n        <li class=\"sibling\"><a href=\"Webcam-Aschaffenburg-Stiftskirche-Stiftsmuseum-Rathaus\" title=\"Webcam mit Blick \u00fcber Aschaffenburg auf die Stiftskirche\" class=\"sibling\" role=\"menuitem\">CAM 3<\/a><\/li>\n        <li class=\"sibling\"><a href=\"Webcam-Aschaffenburg-Main-Willigisbruecke-Flosshafen-Bootshafen\" title=\"Webcam mit Blick \u00fcber Aschaffenburg, Main, Willigis-Br\u00fccke, Bootshafen\" class=\"sibling\" role=\"menuitem\">CAM 4<\/a><\/li>\n        <li class=\"sibling\"><a href=\"Webcam-Aschaffenburg-Schloss-Johannisburg-Marktplatz-Stadtbibliothek-Schlossplatz-Innenstadt\" title=\"Webcam mit Blick auf den Aschaffenburger Marktplatz, auf Schloss Johannisburg, Stadtbibliothek und Stadthalle\" class=\"sibling\" role=\"menuitem\">CAM 5<\/a><\/li>\n        <li class=\"sibling\"><a href=\"Webcam-Aschaffenburg-Stadthalle-Marktplatz-Stadtbibliothek-Wochemarkt-Weihnachtsmarkt-Innenstadt\" title=\"Webcam mit Blick auf die Stadthalle, Marktplatz, Wochenmarkt, Weihnachtsmarkt\" class=\"sibling active\" role=\"menuitem\">CAM 6<\/a><\/li>\n        <li class=\"sibling last\"><a href=\"Webcam-Aschaffenburg-Panorama-Schloss-Johannisburg-Main-Ebertbruecke\" title=\"180\u00b0 Panoramablick von Schloss Johannisburg \u00fcber den Main bis zur Ebert Br\u00fccke vom Dach des B\u00fcrogeb\u00e4udes der May Firmengruppe\" class=\"sibling last\" role=\"menuitem\">CAM 7<\/a><\/li>\n  <\/ul>\n\n  <a id=\"skipNavigation4\" class=\"invisible\">&nbsp;<\/a>\n\n<\/nav>\n<\/div><\/div>\n\t\t\t\t<\/div>\n\t\t\t\t<\/div>\n\t\t\t\t\t<\/div>\n\t\t<\/div>\n\t\t\t\t\t\t\t<\/div>\n\t\t<\/section>\n\t\t\t\t\t\t\t<\/div>\n\t\t","protected":false},"excerpt":{"rendered":"","protected":false},"author":1,"featured_media":0,"parent":0,"menu_order":0,"comment_status":"closed","ping_status":"open","template":"elementor_header_footer","meta":{"footnotes":""},"yoast_head":"<!-- This site is optimized with the Yoast SEO plugin v21.2 - https:\/\/yoast.com\/wordpress\/plugins\/seo\/ -->\n<title>Aschaffenburg - Webcams Sehensw\u00fcrdigkeiten der Stadt Aschaffenburg<\/title>\n<meta name=\"description\" content=\"Live Webcams in Aschaffenburg: Schloss Johannisburg, Stiftskirche, Marktplatz, Stadthalle, Main, Pompejanum, Flo\u00dfhafen, Panorama der Stadt Aschaffenbug\" \/>\n<meta name=\"robots\" content=\"index, follow, max-snippet:-1, max-image-preview:large, max-video-preview:-1\" \/>\n<link rel=\"canonical\" href=\"https:\/\/webcam-aschaffenburg.de\/\" \/>\n<meta property=\"og:locale\" content=\"en_US\" \/>\n<meta property=\"og:type\" content=\"article\" \/>\n<meta property=\"og:title\" content=\"Aschaffenburg - Webcams Sehensw\u00fcrdigkeiten der Stadt Aschaffenburg\" \/>\n<meta property=\"og:description\" content=\"Live Webcams in Aschaffenburg: Schloss Johannisburg, Stiftskirche, Marktplatz, Stadthalle, Main, Pompejanum, Flo\u00dfhafen, Panorama der Stadt Aschaffenbug\" \/>\n<meta property=\"og:url\" content=\"https:\/\/webcam-aschaffenburg.de\/\" \/>\n<meta property=\"og:site_name\" content=\"Webcam Aschaffenburg\" \/>\n<meta property=\"article:modified_time\" content=\"2024-01-18T06:04:58+00:00\" \/>\n<meta name=\"twitter:card\" content=\"summary_large_image\" \/>\n<meta name=\"twitter:label1\" content=\"Est. reading time\" \/>\n\t<meta name=\"twitter:data1\" content=\"1 minute\" \/>\n<script type=\"application\/ld+json\" class=\"yoast-schema-graph\">{\"@context\":\"https:\/\/schema.org\",\"@graph\":[{\"@type\":\"WebPage\",\"@id\":\"https:\/\/webcam-aschaffenburg.de\/\",\"url\":\"https:\/\/webcam-aschaffenburg.de\/\",\"name\":\"Aschaffenburg - Webcams Sehensw\u00fcrdigkeiten der Stadt Aschaffenburg\",\"isPartOf\":{\"@id\":\"https:\/\/webcam-aschaffenburg.de\/#website\"},\"datePublished\":\"2022-03-10T15:12:35+00:00\",\"dateModified\":\"2024-01-18T06:04:58+00:00\",\"description\":\"Live Webcams in Aschaffenburg: Schloss Johannisburg, Stiftskirche, Marktplatz, Stadthalle, Main, Pompejanum, Flo\u00dfhafen, Panorama der Stadt Aschaffenbug\",\"breadcrumb\":{\"@id\":\"https:\/\/webcam-aschaffenburg.de\/#breadcrumb\"},\"inLanguage\":\"en\",\"potentialAction\":[{\"@type\":\"ReadAction\",\"target\":[\"https:\/\/webcam-aschaffenburg.de\/\"]}]},{\"@type\":\"BreadcrumbList\",\"@id\":\"https:\/\/webcam-aschaffenburg.de\/#breadcrumb\",\"itemListElement\":[{\"@type\":\"ListItem\",\"position\":1,\"name\":\"Home\",\"item\":\"https:\/\/webcam-aschaffenburg.de\/\"},{\"@type\":\"ListItem\",\"position\":2,\"name\":\"Home\"}]},{\"@type\":\"WebSite\",\"@id\":\"https:\/\/webcam-aschaffenburg.de\/#website\",\"url\":\"https:\/\/webcam-aschaffenburg.de\/\",\"name\":\"Webcam Aschaffenburg\",\"description\":\"\",\"publisher\":{\"@id\":\"https:\/\/webcam-aschaffenburg.de\/#organization\"},\"potentialAction\":[{\"@type\":\"SearchAction\",\"target\":{\"@type\":\"EntryPoint\",\"urlTemplate\":\"https:\/\/webcam-aschaffenburg.de\/?s={search_term_string}\"},\"query-input\":\"required name=search_term_string\"}],\"inLanguage\":\"en\"},{\"@type\":\"Organization\",\"@id\":\"https:\/\/webcam-aschaffenburg.de\/#organization\",\"name\":\"Webcam Aschaffenburg\",\"url\":\"https:\/\/webcam-aschaffenburg.de\/\",\"logo\":{\"@type\":\"ImageObject\",\"inLanguage\":\"en\",\"@id\":\"https:\/\/webcam-aschaffenburg.de\/#\/schema\/logo\/image\/\",\"url\":\"https:\/\/webcam-aschaffenburg.de\/wp-content\/uploads\/2022\/03\/webcam-logo.svg\",\"contentUrl\":\"https:\/\/webcam-aschaffenburg.de\/wp-content\/uploads\/2022\/03\/webcam-logo.svg\",\"width\":177,\"height\":67,\"caption\":\"Webcam Aschaffenburg\"},\"image\":{\"@id\":\"https:\/\/webcam-aschaffenburg.de\/#\/schema\/logo\/image\/\"}}]}<\/script>\n<!-- \/ Yoast SEO plugin. -->","yoast_head_json":{"title":"Aschaffenburg - Webcams Sehensw\u00fcrdigkeiten der Stadt Aschaffenburg","description":"Live Webcams in Aschaffenburg: Schloss Johannisburg, Stiftskirche, Marktplatz, Stadthalle, Main, Pompejanum, Flo\u00dfhafen, Panorama der Stadt Aschaffenbug","robots":{"index":"index","follow":"follow","max-snippet":"max-snippet:-1","max-image-preview":"max-image-preview:large","max-video-preview":"max-video-preview:-1"},"canonical":"https:\/\/webcam-aschaffenburg.de\/","og_locale":"en_US","og_type":"article","og_title":"Aschaffenburg - Webcams Sehensw\u00fcrdigkeiten der Stadt Aschaffenburg","og_description":"Live Webcams in Aschaffenburg: Schloss Johannisburg, Stiftskirche, Marktplatz, Stadthalle, Main, Pompejanum, Flo\u00dfhafen, Panorama der Stadt Aschaffenbug","og_url":"https:\/\/webcam-aschaffenburg.de\/","og_site_name":"Webcam Aschaffenburg","article_modified_time":"2024-01-18T06:04:58+00:00","twitter_card":"summary_large_image","twitter_misc":{"Est. reading time":"1 minute"},"schema":{"@context":"https:\/\/schema.org","@graph":[{"@type":"WebPage","@id":"https:\/\/webcam-aschaffenburg.de\/","url":"https:\/\/webcam-aschaffenburg.de\/","name":"Aschaffenburg - Webcams Sehensw\u00fcrdigkeiten der Stadt Aschaffenburg","isPartOf":{"@id":"https:\/\/webcam-aschaffenburg.de\/#website"},"datePublished":"2022-03-10T15:12:35+00:00","dateModified":"2024-01-18T06:04:58+00:00","description":"Live Webcams in Aschaffenburg: Schloss Johannisburg, Stiftskirche, Marktplatz, Stadthalle, Main, Pompejanum, Flo\u00dfhafen, Panorama der Stadt Aschaffenbug","breadcrumb":{"@id":"https:\/\/webcam-aschaffenburg.de\/#breadcrumb"},"inLanguage":"en","potentialAction":[{"@type":"ReadAction","target":["https:\/\/webcam-aschaffenburg.de\/"]}]},{"@type":"BreadcrumbList","@id":"https:\/\/webcam-aschaffenburg.de\/#breadcrumb","itemListElement":[{"@type":"ListItem","position":1,"name":"Home","item":"https:\/\/webcam-aschaffenburg.de\/"},{"@type":"ListItem","position":2,"name":"Home"}]},{"@type":"WebSite","@id":"https:\/\/webcam-aschaffenburg.de\/#website","url":"https:\/\/webcam-aschaffenburg.de\/","name":"Webcam Aschaffenburg","description":"","publisher":{"@id":"https:\/\/webcam-aschaffenburg.de\/#organization"},"potentialAction":[{"@type":"SearchAction","target":{"@type":"EntryPoint","urlTemplate":"https:\/\/webcam-aschaffenburg.de\/?s={search_term_string}"},"query-input":"required name=search_term_string"}],"inLanguage":"en"},{"@type":"Organization","@id":"https:\/\/webcam-aschaffenburg.de\/#organization","name":"Webcam Aschaffenburg","url":"https:\/\/webcam-aschaffenburg.de\/","logo":{"@type":"ImageObject","inLanguage":"en","@id":"https:\/\/webcam-aschaffenburg.de\/#\/schema\/logo\/image\/","url":"https:\/\/webcam-aschaffenburg.de\/wp-content\/uploads\/2022\/03\/webcam-logo.svg","contentUrl":"https:\/\/webcam-aschaffenburg.de\/wp-content\/uploads\/2022\/03\/webcam-logo.svg","width":177,"height":67,"caption":"Webcam Aschaffenburg"},"image":{"@id":"https:\/\/webcam-aschaffenburg.de\/#\/schema\/logo\/image\/"}}]}},"_links":{"self":[{"href":"https:\/\/webcam-aschaffenburg.de\/index.php?rest_route=\/wp\/v2\/pages\/2"}],"collection":[{"href":"https:\/\/webcam-aschaffenburg.de\/index.php?rest_route=\/wp\/v2\/pages"}],"about":[{"href":"https:\/\/webcam-aschaffenburg.de\/index.php?rest_route=\/wp\/v2\/types\/page"}],"author":[{"embeddable":true,"href":"https:\/\/webcam-aschaffenburg.de\/index.php?rest_route=\/wp\/v2\/users\/1"}],"replies":[{"embeddable":true,"href":"https:\/\/webcam-aschaffenburg.de\/index.php?rest_route=%2Fwp%2Fv2%2Fcomments&post=2"}],"version-history":[{"count":0,"href":"https:\/\/webcam-aschaffenburg.de\/index.php?rest_route=\/wp\/v2\/pages\/2\/revisions"}],"wp:attachment":[{"href":"https:\/\/webcam-aschaffenburg.de\/index.php?rest_route=%2Fwp%2Fv2%2Fmedia&parent=2"}],"curies":[{"name":"wp","href":"https:\/\/api.w.org\/{rel}","templated":true}]}}